he remainder when 72372 is divided by 18052?
164
Calculate the remainder when 30767533 is divided by 6.
1
What is the remainder when 9401694 is divided by 847?
841
What is the remainder when 654528 is divided by 65442?
108
What is the remainder when 619063 is divided by 6012?
5839
Calculate the remainder when 3530391 is divided by 1310.
1251
Calculate the remainder when 4975893 is divided by 4975852.
41
Calculate the remainder when 315290 is divided by 527.
144
Calculate the remainder when 193049 is divided by 166.
157
What is the remainder when 3175632 is divided by 1058540?
12
What is the remainder when 48169 is divided by 5990?
249
What is the remainder when 2113072 is divided by 350?
122
Calculate the remainder when 7002549 is divided by 3501269.
11
What is the remainder when 5658416 is divided by 176823?
80
What is the remainder when 381719 is divided by 95429?
3
What is the remainder when 152594 is divided by 152546?
48
Calculate the remainder when 120130 is divided by 1519.
129
What is the remainder when 3681947 is divided by 157?
140
What is the remainder when 3351811 is divided by 3351794?
17
Calculate the remainder when 15770 is divided by 5010.
740
What is the remainder when 9757 is divided by 697?
696
What is the remainder when 44576 is divided by 14830?
86
Calculate the remainder when 21062905 is divided by 877.
873
Calculate the remainder when 1027966 is divided by 17.
10
What is the remainder when 15484141 is divided by 1807?
1765
Calculate the remainder when 407707 is divided by 67874.
463
What is the remainder when 77665103 is divided by 25888366?
5
What is the remainder when 10117072 is divided by 7861?
7826
What is the remainder when 6020458 is divided by 62066?
56
Calculate the remainder when 4150148 is divided by 12.
8
Calculate the remainder when 83093228 is divided by 153.
152
What is the remainder when 4624330 is divided by 184?
42
What is the remainder when 34386683 is divided by 3533?
3527
What is the remainder when 218257 is divided by 5952?
3985
Calculate the remainder when 49615 is divided by 23341.
2933
Calculate the remainder when 249797 is divided by 248022.
1775
Calculate the remainder when 1575281 is divided by 3268.
105
Calculate the remainder when 9175445 is divided by 917543.
15
Calculate the remainder when 7644990 is divided by 1528921.
385
Calculate the remainder when 8533 is divided by 26.
5
What is the remainder when 1848427 is divided by 739?
188
Calculate the remainder when 310089 is divided by 191.
96
Calculate the remainder when 100607 is divided by 1482.
1313
What is the remainder when 97065 is divided by 19325?
440
What is the remainder when 258721 is divided by 3591?
169
What is the remainder when 482117 is divided by 482112?
5
Calculate the remainder when 9997713 is divided by 229.
31
Calculate the remainder when 58648 is divided by 4170.
268
Calculate the remainder when 31474 is divided by 7789.
318
Calculate the remainder when 1894442 is divided by 14.
4
What is the remainder when 19518 is divided by 3?
0
What is the remainder when 84546939 is divided by 199?
197
What is the remainder when 18799832 is divided by 5781?
20
Calculate the remainder when 11977391 is divided by 5194.
27
Calculate the remainder when 6702531 is divided by 13569.
13014
What is the remainder when 61808938 is divided by 270?
268
What is the remainder when 4844 is divided by 2064?
716
Calculate the remainder when 3423033 is divided by 76.
69
Calculate the remainder when 1249636 is divided by 6186.
64
Calculate the remainder when 21383 is divided by 875.
383
Calculate the remainder when 2770253 is divided by 2577.
2555
Calculate the remainder when 1088368 is divided by 9909.
8287
Calculate the remainder when 61149619 is divided by 3821850.
19
Calculate the remainder when 5627904 is divided by 27.
24
What is the remainder when 460485 is divided by 1476?
1449
What is the remainder when 2626491 is divided by 155?
16
What is the remainder when 152797 is divided by 429?
73
Calculate the remainder when 652074 is divided by 384.
42
Calculate the remainder when 909275 is divided by 302673.
1256
Calculate the remainder when 645786525 is divided by 16.
13
What is the remainder when 314211078 is divided by 29?
22
What is the remainder when 496331 is divided by 742?
675
What is the remainder when 3659023 is divided by 1031?
4
Calculate the remainder when 345757 is divided by 100.
57
What is the remainder when 2752586 is divided by 916?
6
Calculate the remainder when 1959832 is divided by 290.
12
What is the remainder when 102334 is divided by 51163?
8
Calculate the remainder when 2069158 is divided by 826.
28
What is the remainder when 2008252 is divided by 180?
172
What is the remainder when 1657020 is divided by 413897?
1432
Calculate the remainder when 338919 is divided by 1177.
1120
What is the remainder when 148713269 is divided by 18559?
2
What is the remainder when 82012 is divided by 3862?
910
What is the remainder when 3728225 is divided by 4792?
49
Calculate the remainder when 10106575 is divided by 11.
6
Calculate the remainder when 35880355 is divided by 1523.
1521
What is the remainder when 4324771 is divided by 25?
21
What is the remainder when 17946243 is divided by 2930?
2923
Calculate the remainder when 208570 is divided by 102240.
4090
What is the remainder when 166143044 is divided by 4002?
14
What is the remainder when 37010 is divided by 744?
554
Calculate the remainder when 95868 is divided by 554.
26
Calculate the remainder when 241696 is divided by 17.
7
Calculate the remainder when 45326 is divided by 5650.
126
Calculate the remainder when 827444 is divided by 2776.
196
What is the remainder when 12898086 is divided by 1112?
1110
What is the remainder when 4548390 is divided by 4548321?
69
What is the remainder when 304875 is divided by 5421?
1299
What is the remainder when 36386463 is divided by 1784?
1783
Calculate the remainder when 9234384 is divided by 1539064.
0
Calculate the remainder when 76978239 is divided by 430046.
5
Calculate the remainder when 1113478 is divided by 222695.
3
Calculate the remainder when 10088305 is divided by 49696.
17
Calculate the remainder when 8955164 is divided by 263378.
312
Calculate the remainder when 3843569 is divided by 52.
41
Calculate the remainder when 22434 is divided by 18.
6
What is the remainder when 50159429 is divided by 30?
29
What is the remainder when 594173 is divided by 531?
515
What is the remainder when 14401204 is divided by 95?
59
What is the remainder when 25009 is divided by 1820?
1349
What is the remainder when 176104653 is divided by 6552?
6549
What is the remainder when 4958505 is divided by 12183?
24
What is the remainder when 71996830 is divided by 102?
28
What is the remainder when 20444477 is divided by 218?
1
What is the remainder when 112647165 is divided by 102?
99
What is the remainder when 39408436 is divided by 562977?
46
Calculate the remainder when 182331 is divided by 9095.
431
Calculate the remainder when 478889 is divided by 159616.
41
What is the remainder when 2766437 is divided by 9?
8
Calculate the remainder when 591361 is divided by 73918.
17
What is the remainder when 78793 is divided by 73189?
5604
Calculate the remainder when 294155 is divided by 3343.
3314
Calculate the remainder when 587240 is divided by 117412.
180
What is the remainder when 569227 is divided by 2181?
2167
What is the remainder when 21783 is divided by 7234?
81
Calculate the remainder when 103815675 is divided by 320.
315
Calculate the remainder when 165556 is divided by 681.
73
What is the remainder when 17737493 is divided by 2182?
15
Calculate the remainder when 7244271 is divided by 32.
15
What is the remainder when 53528 is divided by 26383?
762
What is the remainder when 151801 is divided by 7988?
29
Calculate the remainder when 758760880 is divided by 4331.
4328
Calculate the remainder when 15228 is divided by 111.
21
Calculate the remainder when 1899223 is divided by 3924.
7
Calculate the remainder when 27697749 is divided by 62.
55
What is the remainder when 45116 is divided by 1985?
1446
What is the remainder when 6252118 is divided by 1563023?
26
Calculate the remainder when 1986374 is divided by 449.
447
What is the remainder when 133270